{"id":183,"date":"2011-05-30T23:26:54","date_gmt":"2011-05-30T21:26:54","guid":{"rendered":"http:\/\/spass-am-schiesssport.de\/neu\/?page_id=183"},"modified":"2023-04-19T16:33:09","modified_gmt":"2023-04-19T15:33:09","slug":"kontakt","status":"publish","type":"page","link":"https:\/\/www.spass-am-schiesssport.de\/neu\/kontakt","title":{"rendered":"Kontakt"},"content":{"rendered":"<h5><span style=\"color: #000000;\">Haben Sie Interesse am Schie\u00dfsport allgemein, an unserem Verein, oder an unseren Aktivit\u00e4ten? <\/span><span style=\"color: #000000;\">Dann schreiben Sie uns eine Nachricht an unsere Mailadresse: spassev@web.de, <\/span><span style=\"color: #000000;\">oder Sie n\u00fctzen einfach die nachstehende Kontaktm\u00f6glichkeit. <\/span><\/h5>\r\n<h5><span style=\"color: #000000;\">\u00a0Wie bieten zurzeit keine Gasttermine an und wir nehmen keine neuen Mitglieder auf.<br \/><\/span><\/h5>\r\n<p><span style=\"color: #000000;\">\n<div class=\"wpcf7 no-js\" id=\"wpcf7-f692-o1\" lang=\"de-DE\" dir=\"ltr\" data-wpcf7-id=\"692\">\n<div class=\"screen-reader-response\"><p role=\"status\" aria-live=\"polite\" aria-atomic=\"true\"><\/p> <ul><\/ul><\/div>\n<form action=\"\/neu\/wp-json\/wp\/v2\/pages\/183#wpcf7-f692-o1\" method=\"post\" class=\"wpcf7-form init\" aria-label=\"Kontaktformular\" novalidate=\"novalidate\" data-status=\"init\">\n<fieldset class=\"hidden-fields-container\"><input type=\"hidden\" name=\"_wpcf7\" value=\"692\" \/><input type=\"hidden\" name=\"_wpcf7_version\" value=\"6.1.5\" \/><input type=\"hidden\" name=\"_wpcf7_locale\" value=\"de_DE\" \/><input type=\"hidden\" name=\"_wpcf7_unit_tag\" value=\"wpcf7-f692-o1\" \/><input type=\"hidden\" name=\"_wpcf7_container_post\" value=\"0\" \/><input type=\"hidden\" name=\"_wpcf7_posted_data_hash\" value=\"\" \/>\n<\/fieldset>\n<p><label> Ihr Name (Angabe erforderlich)<br \/>\n<span class=\"wpcf7-form-control-wrap\" data-name=\"your-name\"><input size=\"40\" maxlength=\"400\" class=\"wpcf7-form-control wpcf7-text wpcf7-validates-as-required\" aria-required=\"true\" aria-invalid=\"false\" value=\"\" type=\"text\" name=\"your-name\" \/><\/span> <\/label>\n<\/p>\n<p><label> Ihre E-Mail-Adresse (Angabe erforderlich)<br \/>\n<span class=\"wpcf7-form-control-wrap\" data-name=\"your-email\"><input size=\"40\" maxlength=\"400\" class=\"wpcf7-form-control wpcf7-email wpcf7-validates-as-required wpcf7-text wpcf7-validates-as-email\" aria-required=\"true\" aria-invalid=\"false\" value=\"\" type=\"email\" name=\"your-email\" \/><\/span> <\/label>\n<\/p>\n<p><label> Betreff<br \/>\n<span class=\"wpcf7-form-control-wrap\" data-name=\"your-subject\"><input size=\"40\" maxlength=\"400\" class=\"wpcf7-form-control wpcf7-text\" aria-invalid=\"false\" value=\"\" type=\"text\" name=\"your-subject\" \/><\/span> <\/label>\n<\/p>\n<p><label> Ihre Nachricht<br \/>\n<span class=\"wpcf7-form-control-wrap\" data-name=\"your-message\"><textarea cols=\"40\" rows=\"10\" maxlength=\"2000\" class=\"wpcf7-form-control wpcf7-textarea\" aria-invalid=\"false\" name=\"your-message\"><\/textarea><\/span> <\/label><br \/>\n<input class=\"wpcf7-form-control wpcf7-submit has-spinner\" type=\"submit\" value=\"Absenden\" \/>\n<\/p><p style=\"display: none !important;\" class=\"akismet-fields-container\" data-prefix=\"_wpcf7_ak_\"><label>&#916;<textarea name=\"_wpcf7_ak_hp_textarea\" cols=\"45\" rows=\"8\" maxlength=\"100\"><\/textarea><\/label><input type=\"hidden\" id=\"ak_js_1\" name=\"_wpcf7_ak_js\" value=\"174\"\/><script>document.getElementById( \"ak_js_1\" ).setAttribute( \"value\", ( new Date() ).getTime() );<\/script><\/p><div class=\"wpcf7-response-output\" aria-hidden=\"true\"><\/div>\n<\/form>\n<\/div>\n<\/span><\/p>\r\n\r\n<p>&nbsp;<\/p>\r\n","protected":false},"excerpt":{"rendered":"<p>Haben Sie Interesse am Schie\u00dfsport allgemein, an unserem Verein, oder an unseren Aktivit\u00e4ten? Dann schreiben Sie uns eine Nachricht an unsere Mailadresse: spassev@web.de, oder Sie n\u00fctzen einfach die nachstehende Kontaktm\u00f6glichkeit. \u00a0Wie bieten zurzeit keine Gasttermine an und wir nehmen keine &hellip; <a href=\"https:\/\/www.spass-am-schiesssport.de\/neu\/kontakt\">Weiterlesen <span class=\"meta-nav\">&rarr;<\/span><\/a><\/p>\n","protected":false},"author":1,"featured_media":0,"parent":0,"menu_order":5,"comment_status":"closed","ping_status":"closed","template":"","meta":{"footnotes":""},"class_list":["post-183","page","type-page","status-publish","hentry"],"_links":{"self":[{"href":"https:\/\/www.spass-am-schiesssport.de\/neu\/wp-json\/wp\/v2\/pages\/183","targetHints":{"allow":["GET"]}}],"collection":[{"href":"https:\/\/www.spass-am-schiesssport.de\/neu\/wp-json\/wp\/v2\/pages"}],"about":[{"href":"https:\/\/www.spass-am-schiesssport.de\/neu\/wp-json\/wp\/v2\/types\/page"}],"author":[{"embeddable":true,"href":"https:\/\/www.spass-am-schiesssport.de\/neu\/wp-json\/wp\/v2\/users\/1"}],"replies":[{"embeddable":true,"href":"https:\/\/www.spass-am-schiesssport.de\/neu\/wp-json\/wp\/v2\/comments?post=183"}],"version-history":[{"count":123,"href":"https:\/\/www.spass-am-schiesssport.de\/neu\/wp-json\/wp\/v2\/pages\/183\/revisions"}],"predecessor-version":[{"id":6668,"href":"https:\/\/www.spass-am-schiesssport.de\/neu\/wp-json\/wp\/v2\/pages\/183\/revisions\/6668"}],"wp:attachment":[{"href":"https:\/\/www.spass-am-schiesssport.de\/neu\/wp-json\/wp\/v2\/media?parent=183"}],"curies":[{"name":"wp","href":"https:\/\/api.w.org\/{rel}","templated":true}]}}